*3 - 7*p**2 + 11*p - 15. Determine v(o).
15
Let n(o) be the second derivative of o**3 - 1/20*o**5 - 1/3*o**4 - 110*o + 2*o**2 + 0. Determine n(-4).
-20
Let p = -9353 + 9362. Let q(i) = i**2 - 18*i + 86. Give q(p).
5
Let d(l) = -l - 2. Suppose 5*j + 1 = 2*x + 30, -2*j + 16 = -3*x. Let f(t) = -t**3 + 4 - 4*t**2 - j*t**2 + 0*t**2 + 0 - 8*t. Let c be f(-8). Calculate d(c).
-6
Suppose -5*y = -4*y - 3. Let m(u) = 8 - 22*u + 3*u + 13*u - 9. Calculate m(y).
-19
Let m be ((-6)/5)/(-54*(-27)/(-810)). Let b(z) be the second derivative of 1/2*z**2 + 0 - 8*z + m*z**3. What is b(2)?
9
Let t(z) = 17*z + 1. Let j(v) = -v**2 + 24*v + 47. Let b(p) = -j(p) + 2*t(p). Determine b(4).
11
Let s(k) = -k**3 - k**2 + 2*k - 1. Let x(u) = -u**3 - 3*u**2 + 3*u + 2. Let w(p) = -2*s(p) + x(p). Let t = 5 + -2. Give w(t).
19
Let c(o) = -92*o**2 + 152*o - 19. Let n(t) = 46*t**2 - 79*t + 8. Let p(m) = 2*c(m) + 5*n(m). Calculate p(2).
4
Let o(h) = 50 + 56 - 57 - 45*h + 72 + 40*h. Determine o(27).
-14
Suppose -4*z - 5*r + 3 = -0, 0 = 4*z - 5*r - 53. Let g(x) = -x**3 + 26*x**2 - 23*x + 57. Let m be g(23). Let j(u) = -1110 + 2215 - m + 2*u. Calculate j(z).
4
Let d(c) be the third derivative of -c**6/120 - 13*c**5/60 - 5*c**4/24 - 5*c**3/2 + 54*c**2 - c. Determine d(-12).
-99
Suppose 7 = i - 1. Suppose -i = -2*t - 6. Let o(r) = 16*r - 17*r + 0 + 1 + t. What is o(3)?
-1
Let f(b) be the third derivative of -b**4/8 + 49*b**3/6 + 2057*b**2. Determine f(15).
4
Let i = -173 + 184. Suppose 68 - 2 = i*w. Let d(h) = h**2 - 7*h + 8. Give d(w).
2
Let a = -5 + 8. Let f(w) = -w + 11. Let l be f(7). Let o(y) = l*y + 2 - 1 - a*y. Determine o(3).
4
Let u(o) = 18*o - 41. Let i be ((-21)/((-567)/(-54)))/(2/(-7)). Determine u(i).
85
Let r(k) = -k**2 - 4*k + 2. Let o = -116 - -103. Let t = 9 + o. Determine r(t).
2
Let x(u) be the third derivative of -u**6/360 - 7*u**5/120 - u**4/24 - 32*u**3 - 198*u**2. Let k(f) be the first derivative of x(f). What is k(-5)?
9
Let j(a) = -a**2 - 10*a - 14. Let b be j(-8). Let p(y) = 4*y**2 - 4*y**2 + 12 - 4*y**b + 5*y**2 + 9*y. Calculate p(-6).
-6
Let x(f) be the third derivative of 0*f - 11/6*f**3 - f**2 - 1/24*f**4 + 0. Suppose -92 = 22*n + 40. Give x(n).
-5
Let u(n) = -6*n**2 + 2*n - 1. Let w(i) = -i**2. Let r(l) = u(l) - 5*w(l). Let k be 4 + -3 + -1 + 0. Suppose 9*g + 6 + 12 = k. Determine r(g).
-9
Let f(t) = -13*t**3 - 3*t**2 + 2*t - 2. Let z(o) = 10*o**3 + 3*o**2 - 2*o + 2. Let r(v) = 4*f(v) + 5*z(v). Calculate r(2).
-6
Let q(s) = -s**2 + 2*s + 12. Let l be (41/41)/(3/(-9)). Give q(l).
-3
Let c(p) = p**2 + 1 - 176796*p**3 - 2*p**2 + p + 176770*p**3. Let b = -2 - -1. What is c(b)?
25
Suppose 5*a - 21 = 2*a. Let g(y) = -35*y**3 - 24*y**2 - 6*y. Let f(o) = 53*o**3 + 33*o**2 + 7*o - 1. Let s(j) = 2*f(j) + 3*g(j). Give s(a).
19
Let l(h) be the third derivative of -5*h**4/24 + h**3/3 - 32*h**2 + 3. Let m = -11 + 15. Suppose i = -m*g - 10 - 6, 2*g - 5*i = 14. Give l(g).
17
Let a(f) = 2*f**2 + 8*f - 18. Let r be a(-6). Let u(y) = -5 - r + 1 + 9 + 35*y. Give u(-1).
-36
Let r(a) be the third derivative of -a**5/15 + a**2 + 22*a. Let q be (-9)/(-5) - 13/(-65). Suppose -q*n = n + 3. Give r(n).
-4
Let o = 931 + -931. Let n(k) = k**2 - 2*k - 77. What is n(o)?
-77
Let v(l) = 10*l + 17. Let o = 7851 + -7860. Determine v(o).
-73
Let k(a) = 2*a**3 - 28*a**2 + 3. Let x be k(14). Let l(w) = 5*w - 4 - 8*w**2 - 12*w - 2 + 17*w - w**x. Give l(-9).
-15
Let i(a) = 2*a**3 + a**2 - a - 1. Let c(j) = 19*j**3 + 5*j**2 - 10*j - 20. Let w(u) = -c(u) + 9*i(u). Determine w(5).
-9
Let z(v) be the third derivative of 0 + 0*v - 35/6*v**3 - 71*v**2 - 1/24*v**4. What is z(0)?
-35
Suppose -5*u = -4*r - 22, -4*u + 2 = -3*r - 15. Suppose -u*w - 312 = w. Let t = -98 - w. Let j(a) = -a**3 + 7*a**2 - 5*a. Give j(t).
6
Let u be 48/(-8) - -2 - -8. Suppose 3*h + u*g - 11 = 0, 10*h - 3*g - 8 = 9*h. Let q(i) = -6*i + 5. What is q(h)?
-25
Let d(i) = 47*i + 175. Let w(m) = -m + 203. Let t(o) = -d(o) - 2*w(o). Calculate t(-13).
4
Suppose 5*f - 1 = -4*x, -4*f - x + 46 - 43 = 0. Let r(g) = g**2 + g**3 + 40*g + 35*g - 109*g + 35*g + 23 + f. Suppose 0 = -5*z + 3*z. Give r(z).
24
Suppose 0 = 2*z, 13*z - z - 45 = -5*j. Let g(d) = -d**3 + 9*d**2 + 4*d - 18. What is g(j)?
18
Let a = -268 + 265. Let k be a*(6 - (0 - -5)). Let i(t) = 4*t**2 - t. Let r(w) = -5*w**2 + 2*w - 1. Let z(b) = -4*i(b) - 3*r(b). Determine z(k).
0
Let c(d) = -83*d**2 + 6 + 159*d**2 - 83*d**2 + 3*d. Let z(u) = 6*u**2 - 3*u - 5. Let n(w) = 4*c(w) + 5*z(w). Calculate n(4).
19
Let g(s) be the first derivative of s**2 - 3*s - 1182. Give g(-6).
-15
Let z(h) = 5 - 6 - 96*h + 94*h. Let f(w) = w + 1. Let s(j) = -f(j) - z(j). Determine s(0).
0
Let k(h) = h - 6. Let x(s) = s**2 - 8*s + 3. Let q = -613 + 613. Let r be x(q). What is k(r)?
-3
Let f(a) = -a**3 + 9*a**2 - 19*a + 37. Let l be (-229)/916*(-84)/3. Give f(l).
2
Let x(v) be the first derivative of v**3/3 + 5*v**2 + 14*v + 137. Calculate x(-13).
53
Suppose 3*i = 5*g - 58 + 57, 10 = -g + 4*i. Let d(n) = n**2 - 81*n + 162. Determine d(g).
4
Let y(n) = 317*n - 157. Let w(u) = 58*u - 31. Let x(d) = 11*w(d) - 2*y(d). What is x(11)?
17
Suppose -100*b = -95*b - 40. Let a(l) = -l + 3*l - l - b*l. Determine a(-1).
7
Let d be 4/(12/(-9))*(-414)/54. Let a(v) = 5*v**2 - 116*v + 23. Calculate a(d).
0
Let k = 12 - 10. Let f = k + -8. Let q(d) = -5*d - d**2 + d**3 + 5*d**2 + 5*d**2 + 0*d**2 - 4*d**2 + 3. Calculate q(f).
-3
Let f = 16 + -19. Let h be 4/f*6/(-4) + 1. Let g(m) = h - 16*m - 2 - 2 + 14*m. Calculate g(2).
-5
Let p(i) = -38 + 31*i + 38 - 356*i**2 + 13 + 360*i**2. What is p(-7)?
-8
Let k(a) be the second derivative of 19*a**3/6 + 32*a**2 - 13*a - 65. Calculate k(-4).
-12
Suppose 0 = 4*m - 4*b - 25 + 5, 3*m - 23 = -5*b. Suppose 0 = m*c + 33 - 45. Let o(p) = -2*p**2 + 2*p - 2. What is o(c)?
-6
Let x(b) = 2*b + 96. Let f(r) = 2*r + 92. Let a(k) = 4*f(k) - 3*x(k). Calculate a(-38).
4
Let s(i) = -i. Let m be (-17)/7 + 9/21. Let f(z) = z**2 + z + 1. Let g be f(m). Suppose 0 = 5*c + g*r - 10 + 37, 3*r = -2*c - 9. What is s(c)?
6
Let h(f) = -3*f**2 + 21*f + 39. Let s(a) = -2*a**2 - a - 9. Let o(v) = -h(v) + 2*s(v). Calculate o(-20).
3
Let s(g) = 2*g**2 + 10*g - 8. Let z = -1345 - -1339. Give s(z).
4
Let w(t) = -t**2 - 3*t. Let z(k) = -k**2 + 5*k + 1. Let x be z(4). Suppose -3*l + x = -j - 0*l, 5*l = 5*j + 15. Calculate w(j).
2
Let v(x) = -2*x**3 - 6 + x**3 - x**2 - 11. Suppose 3*s + 5 = 4*p + 8, s - 1 = p. What is v(p)?
-17
Let l(r) = -11*r - 25. Let y be l(8). Let n = y + 109. Let p(x) = -x**3 - 2*x**2 + 4*x + 1. Determine p(n).
17
Let s(u) = 2*u**3 - u**2 + 4*u - 18. Let i be s(2). Let c(p) be the first derivative of -1/4*p**4 + 4/3*p**3 + 3/2*p**i + 7*p + 24. Calculate c(5).
-3
Let x(d) be the first derivative of d**4/12 + 5*d**3/3 + 59*d**2/2 + 57. Let k(o) be the second derivative of x(o). What is k(-8)?
-6
Let y be (132/165)/((-4)/(-30)). Let m(i) = -20*i**3 + 49*i**2 + 9*i - 9. Let r(g) = -7*g**3 + 17*g**2 + 3*g - 3. Let a(b) = y*m(b) - 17*r(b). Calculate a(5).
12
Suppose 23*n = 2*n + 168. Let o(y) = 817 + y**2 - n*y - 817. Suppose 2*v + 3 - 19 = 0. What is o(v)?
0
Let l(m) be the first derivative of -m**4/4 + 13*m**3/3 - 10*m**2 - 27*m - 1434. Calculate l(11).
-5
Let c(n) = -n**3 - n**2 + 2*n. Let j(z) = -3*z**3 - 19*z**2 + 64*z - 5. Let y(k) = 4*c(k) - j(k). Calculate y(7).
5
Let x(m) = m - 14. Let u be (-12)/(5 - 42/14). Give x(u).
-20
Let j(f) = -2*f**2 - 2*f + 7. Let t be j(-5). Let u = t - -40. Suppose -23 = u*v - 9. Let x(k) = k**3 + k**2 - 2*k + 1. Determine x(v).
1
Let f = -2010 + 1990. Let j(k) = 4*k + 81. What is j(f)?
1
Let n(g) = 336*g**2 + 6*g + 22. Let j(h) = -162*h**2 - 3*h - 10. Let f(a) = -9*j(a) - 4*n(a). What is f(-1)?
113
Suppose 15*u = -4153 + 4018. Let v(o) = -o**3 - 10*o**2 - 6*o + 9. What is v(u)?
-18
Let u be (-40)/(-18) + (-10)/45. Let s(d) = 7*d**3 + 5 - 8 - d - 4*d**u - 11*d**3 - 3*d. What is s(-2)?
21
Let y(j) be the second derivative of j**4/12 + j**3/2 + 5*j + 1. Suppose -4*b + m = 24, -4 = 2*m + 4. Let x = 3 + b. Determine y(x).
4
Suppose -4*m + 147 = 3*h - 3*m, h - 33 = 5*m. Suppose 10*x - h = 6*x. Let q be 20/x*(-12)/(-20). Let t(j) = 5*j**2 + j - 1. Determine t(q).
5
Let n(r) = r**3. Let i(m) = 5*m**3 + 7*m**2 - 7*m - 4. Let k(s) = i(s) - 6*n(s). Suppose 1618*a - 9204 = 